60 - i**4/6 - i**3/2 + i**2. Determine r(f).
1
Let g(p) be the third derivative of 5*p**4/24 + 8*p**3 + 98*p**2 + p - 2. Calculate g(-8).
8
Suppose 70*a = 77*a - 14. Let h(p) = -6*p - 98 - a*p + 96. Calculate h(-4).
30
Let t(h) = h**2 + 9*h + 15. Let q be ((1 + 3/(-2))*(574 + -574))/3. Give t(q).
15
Let t(z) = z**3 + 6*z**2 + 6*z + 6. Let i = -42 + 105. Let h = i - 67. Calculate t(h).
14
Suppose -8*i + 13 = 5. Let a be 18/2 - 2 - (i + 2). Let r(p) = -p**2 - 2*p + 5. Calculate r(a).
-19
Suppose 0 = -399*w + 561*w + 3078. Let p(o) = -o - 21. What is p(w)?
-2
Let l = -1455 - -1453. Let s(c) = c - 1. Let i(d) be the second derivative of 2*d**3/3 + 2*d. Let v(h) = i(h) + 2*s(h). Give v(l).
-14
Suppose -6*o + 2*o - 3*o - 14 = 0. Let x(p) = -12*p**2 - 3*p + 1. Calculate x(o).
-41
Suppose 1286 = 27*f + 1259. Let a(t) = -5*t. Give a(f).
-5
Let r(s) be the third derivative of s**4/4 - 7*s**3/3 - s**2 - 65*s + 4. What is r(3)?
4
Let b(h) = -6*h**3 - 2*h**2 - 4*h - 3. Let k = -2313 + 1561. Let t = 750 + k. What is b(t)?
45
Let h = 2 + -17. Let x(z) = -z**2 - 10*z - 135 + 42 + 34 - 6*z + 38. Give x(h).
-6
Let r be (-3 - 0) + 1 + 6. Suppose r*b - z = -10, -b = 2*z + 9 - 2. Let y(u) = u**2 - 351290 + u + 702573 - 351284. Calculate y(b).
5
Suppose 13*d + 47*d = -22*d + 1476. Let u(v) = -19*v + 345. Calculate u(d).
3
Let i be 1/2 - (-1533)/(-6). Let q = -247 - i. Let d(n) be the first derivative of n**2 - 10*n + 1. Calculate d(q).
6
Let t = 13045 + -13046. Let q(k) = -8*k**3 + 15*k**2 + 15*k + 1. What is q(t)?
9
Let w(i) = 5*i**3 - 8*i**2 - 15*i - 8. Let z(k) = -32*k**3 + 47*k**2 + 91*k + 48. Let g(b) = 13*w(b) + 2*z(b). What is g(11)?
-30
Let k(s) = -s**2 + s + 11. Let d(y) = y + 27. Let n be d(-22). Suppose -g + 5*u - 6 = -1, 0 = 5*g - n*u + 5. Give k(g).
11
Suppose -32 = -5*i - 22. Suppose -z + 6 = z, 4*u + 3*z - 37 = 0. Let o(v) = -2261*v + 2267*v - v**i - u + 3. Calculate o(4).
4
Let p(z) = 2*z**3 + 14*z**2 - 2. Suppose -1 = -q - 5*y + 17, -5*q - 3*y = -2. Let h be 3/18 + (-215)/(-60)*q. Give p(h).
-2
Let n(c) = c**3 - 3*c**2 - 10*c - 3. Let w = 115 + -110. Let q be n(w). Let f(p) = -4 + 1 - 2*p - 2*p + 0*p - p**2. What is f(q)?
0
Let i(c) = 18*c. Suppose -2*p - 3*m = 0, -6*p + m - 4*m = -5*p. Suppose -2*s + 1 = -3. Suppose 11 = 3*l + 4*o, s*l = -p*l + o. Give i(l).
18
Let a(z) = 3*z**2 - 6*z - 10. Let u(d) be the first derivative of -d**3/3 + d + 43. Let m(h) = a(h) + 4*u(h). Determine m(-4).
2
Let u(h) = -2*h - 8. Suppose -5*t - 2*a - 1244 = -306, 5*a = 2*t + 381. Let o be (t/(-10))/(-2) + (-30)/(-75). Calculate u(o).
10
Let l(s) = 2*s - 21. Suppose 0 = 9169*i - 9183*i + 168. What is l(i)?
3
Let j be (1*-1)/((-4)/28 + 0). Let b(v) = v**3 + 13*v**2 + 12*v - 2. Let r(o) = o**3 + 12*o**2 + 11*o - 1. Let c(m) = j*r(m) - 6*b(m). Determine c(-4).
17
Suppose 2*c - 6 = 3*g - 16, 0 = g. Let d be 1 - ((-362)/10 + (-1)/c). Let s(v) = -v**3 - d*v**2 + 3*v + 32*v**2 - 4 + 3 + 3. Determine s(-5).
-13
Let k(h) be the second derivative of h**5/20 + 5*h**4/12 + h**3/2 - 3*h**2/2 - 5*h - 18. Let l = 72 - 77. Determine k(l).
-18
Suppose -309*g = -79*g - 3680. Let k(n) = 2*n**3 - 31*n**2 - 13*n + 1. What is k(g)?
49
Suppose 3*l = -4 + 13. Let a(u) = 9*u - 6. Let b(k) be the third derivative of -k**4/12 + 6*k**2 + 5. Let z(x) = a(x) + 4*b(x). Calculate z(l).
-3
Suppose -2*y = -61 + 195. Let l = -64 - y. Let t(m) = 3*m**2 - 2*m - 5. Let k(s) = 4*s**2 - 3*s - 6. Let o(d) = 2*k(d) - 3*t(d). Give o(l).
-6
Suppose q = 2*q. Suppose q = 21*a - 16*a - 60. Let l be ((-6)/(-4))/(a/(-64)). Let z(s) = s**3 + 8*s**2 + s + 3. Give z(l).
-5
Let j(i) be the third derivative of i**6/120 - i**5/20 + i**4/24 + 7*i**3/6 + 3310*i**2. Give j(3).
10
Let g be 8/52 + (-3367)/(-1183). Let s(p) = 37*p + 7. What is s(g)?
118
Let o(b) = 14*b + 49. Let f(g) = 5*g + 17. Let v(u) = -17*f(u) + 6*o(u). Let l(m) = m + 1. Let p(j) = 2*l(j) + v(j). What is p(-5)?
2
Suppose -209 = 45*d - 3*d + 127. Let x(v) = -2*v**2 - 15*v + 23. Give x(d).
15
Let v(n) be the second derivative of -15*n - 1 + 1/6*n**3 - 39/20*n**5 + 0*n**2 - 1/6*n**4. Give v(1).
-40
Let p = -196 - -50. Let v = 149 + p. Let r(c) = 2*c**3 - 5*c**2 + 3*c - 1. What is r(v)?
17
Let n(b) be the third derivative of b**4/12 + b**3/6 - 24*b**2 - 1. Let f(j) = -j - 3. Let h(o) = -5*f(o) - 4*n(o). Calculate h(6).
-7
Let z = 238 - 236. Let m(c) = -c**z + 36 - 4*c + 1 - 27. What is m(-7)?
-11
Let w(i) be the second derivative of -11*i**5/10 - i**3/6 + 28*i - 46. What is w(-1)?
23
Let s(v) = v**3 + 6*v**2 - 5*v + 7. Let d be 2 + -4 + 6 + -1 - 2. Suppose 11 = -2*m - d. Let x be (-2)/(-3)*m/(-4)*-7. Give s(x).
-7
Let u(d) = 8*d**2 - 7*d + 5*d**2 + 4 - 18*d**3 - 8*d**2 + 12*d**3. Give u(2).
-38
Let r(i) = -i - 25614827 + 0*i + 25614813. Give r(-29).
15
Suppose -m - 3*d = -34, -2*d = 2*m - 56 - 12. Suppose -5*j - 29 + m = 0. Let h(o) = -1 - 2*o + 3*o**2 + 4 - 2 + 2*o**2. Give h(j).
4
Let g(d) = 3*d**3 - 10*d**2 + 3*d - 9. Suppose -301*p + 948 = -64*p. Give g(p).
35
Let r(p) = 133*p**2 + p**3 - 87*p**2 + 8 - 54*p**2 + 14*p. Determine r(4).
0
Let k(x) = -693*x + 1375. Let l be k(2). Let b(i) = -i**2 - 39*i - 311. Determine b(l).
-3
Let y(f) = 2*f**3 - 148*f**2 - 6*f + 439. Let g be y(74). Let s(l) = -l**2 - 5*l + 10. What is s(g)?
10
Suppose 6 + 3 = 3*q. Suppose b = -q*l + 15, 2*l - 2*b - 14 = -3*l. Suppose -5 = -l*m - 17. Let f(y) = y**3 + 2*y**2 - 2*y + 2. Determine f(m).
-1
Suppose 0 = 33*b - 38*b. Let d be -1 - b - 1 - -2. Let x(z) = d + 2*z + 11 - 4. Determine x(-5).
-3
Let h = -46 - -44. Let w be 50/20*h/(-5). Let n(d) = -13*d + 9*d + 3 - w + 5*d. What is n(-8)?
-6
Let j(g) = g**3 - 2*g**2 - 2*g + 1. Suppose 32 - 282 = 12*w - 62*w. Give j(w).
66
Let g = 19 + -15. Suppose -g*n = u, -9*u = -10*u + 4. Let t(b) = -b**3 - 2*b**2 + 1. Determine t(n).
0
Let a(i) = i + 2. Let c(s) = -s + 6. Let j(g) = -36*g - 13 - 33*g + 70*g. Let o(y) = -5*c(y) - 2*j(y). Let k be o(3). Give a(k).
7
Let z(m) = 5*m + 10 + 10 + 0*m - 3*m. Let p be z(-5). Suppose -34*h = -39*h - p. Let c(b) = -3*b**2 + b - 2. What is c(h)?
-16
Let n = 2082 - 2074. Let i(j) = 1322*j - 1331*j + j**3 + 0*j**3 - 7*j**2 - 5. Calculate i(n).
-13
Let t(i) be the third derivative of -i**4/24 - i**3/6 + 2*i**2 + 26*i. Suppose 4*d - 4 = -4*h, h - 2 = d + 5. What is t(h)?
-5
Let a(h) = -51*h**2 + 7*h + 147*h**2 - 7 - 48*h**2 - h - 49*h**2. Suppose -4*z + 0*z + 20 = 0. Let n be -9*6/(-45)*z. Calculate a(n).
-7
Let z(f) = -2*f - 34. Let y be (62/(-5) - 4) + (-20)/(-50) + 4. Determine z(y).
-10
Let h(t) be the second derivative of -t**5/20 + 11*t**4/12 - 5*t**3/3 - 11*t**2/2 + 6*t. Suppose 198*v = 158*v + 400. Calculate h(v).
-11
Let v(s) = -s**3 - 40*s**2 + 7*s + 32. Let l(b) = b**3 + 37*b**2 - 6*b - 32. Let d(g) = 6*l(g) + 5*v(g). What is d(-22)?
-10
Let i(h) = -2*h - 6. Let f be i(-4). Let k(g) = g**3 + g**2 + 15*g - 37. Let x(s) = 4*s**3 + 5*s**2 + 66*s - 166. Let t(z) = 9*k(z) - 2*x(z). Give t(f).
9
Let h(u) = u**3 - 10*u**2 + 13*u - 3. Suppose -3*c + 3*t + 12 = 0, 0 = 4*c - 3*t - 158 + 142. What is h(c)?
-47
Let h(j) = -j + 12. Let c(f) = 6*f**2 - 61*f + 8. Let b be c(13). Suppose b = 18*v - 23. Determine h(v).
-2
Let u(r) be the first derivative of -r**4/4 - 8*r**3/3 - 9*r**2/2 + 5*r - 3146. Give u(-8).
77
Let d(g) be the third derivative of -g**7/840 - g**6/72 + g**5/40 - g**4/24 - 7*g**3 + 21*g**2 + 3*g. Let x(u) be the first derivative of d(u). Calculate x(-4).
-29
Let q(r) = r**2 + 6*r - 9. Let c be 2 - -1 - 1 - (-416)/13. Suppose -g + 1 = -2*v, -4*v - c = 5*g + 17. Determine q(g).
-2
Suppose 2*c + 2 = -2*k, -6*k + 3 = -3*k + 5*c. Let z(t) be the second derivative of -2/3*t**3 - 91*t - 2*t**2 - 1/12*t**4 + 0. Give z(k).
-4
Let s(a) = -9*a + 3. Let j(i) = -i**3 + 5*i**2 + 7*i - 4. Let w be (-62)/12 - 1/(-6). Let b = 1 - w. Let m be j(b). What is s(m)?
-15
Suppose 0 = -3*p, -3*y + 5*p + 9 = -0*y. Suppose 2*w = 4*g + 50, -y*g + 7 - 10 = 0. Let b(s) = w*s + 5 - 5*s - 14*s. Give b(-6).
-19
Let m(u) = -23*u**2 + 344*u + 21. Let p be m(15). Let g(v) be the second derivative of -v**5/20 + 2*v**4/3 - 13*v**3/6 + 5*v**2 + v. Determine g(p).
4
Let d = -7 - -10. Let x(a) = -2 - 1 + 2 + a**3 + 5*a**2 + d*a. Suppose 61*n - 1174 = 5*w, -4*w - n - 6 = -3 - 10. What is x(w)?
8
Let h(f) = f**3 - 5*f - 3. Let p(w) be th